
True
Is 775461 composite?
True
Is 732439 a prime number?
True
Is 4050455 prime?
False
Is 6893 composite?
True
Is 1259 composite?
False
Is 4201 composite?
False
Is 1405 a composite number?
True
Is 1649642 a prime number?
False
Is 118453 a composite number?
False
Is 3918949 a composite number?
False
Is 242689 a prime number?
True
Is 77383 prime?
True
Is 93551 composite?
True
Is 14429 a prime number?
False
Is 410651 a prime number?
True
Is 80059 a composite number?
True
Is 44101 composite?
False
Is 423541 prime?
True
Is 598343 prime?
False
Is 708871 a composite number?
True
Is 65903 prime?
False
Is 11278 a composite number?
True
Is 29065 prime?
False
Is 73487 prime?
False
Is 4177 composite?
False
Is 229433 a composite number?
False
Is 4742 a prime number?
False
Is 655 prime?
False
Is 7013 a prime number?
True
Is 37033 a prime number?
False
Is 109639 composite?
False
Is 496789 composite?
False
Is 1363243 prime?
False
Is 144031 composite?
False
Is 279065 a prime number?
False
Is 23347 a prime number?
False
Is 313471 a composite number?
False
Is 38939 a composite number?
True
Is 734147 a prime number?
False
Is 497729 a composite number?
False
Is 24611 a composite number?
False
Is 4703 composite?
False
Is 449921 composite?
False
Is 962627 prime?
True
Is 178427 a prime number?
False
Is 4340827 a prime number?
True
Is 5812889 a composite number?
False
Is 113417 a prime number?
True
Is 23347 a prime number?
False
Is 19661 a composite number?
False
Is 763259 a prime number?
False
Is 39335 composite?
True
Is 3058541 a prime number?
False
Is 401 composite?
False
Is 30677 a prime number?
True
Is 123031 composite?
False
Is 3152141 a prime number?
False
Is 47801 prime?
False
Is 296129 a composite number?
False
Is 2520017 composite?
False
Is 226427 a composite number?
False
Is 35173 a prime number?
False
Is 10817 a composite number?
True
Is 39838 a composite number?
True
Is 1555 composite?
True
Is 113933 prime?
True
Is 57417 a prime number?
False
Is 52919 prime?
True
Is 19937 a composite number?
False
Is 109207 a prime number?
False
Is 7727 a prime number?
True
Is 27611 composite?
False
Is 999131 prime?
False
Is 1195 composite?
True
Is 163943 a prime number?
False
Is 8002 a prime number?
False
Is 397127 prime?
True
Is 21553 a prime number?
False
Is 33206 a composite number?
True
Is 389 a composite number?
False
Is 31007 composite?
True
Is 4853 composite?
True
Is 532507 prime?
False
Is 10843 a prime number?
False
Is 2069 a prime number?
True
Is 218357 composite?
False
Is 1554277 prime?
True
Is 1959613 a prime number?
False
Is 2487061 a prime number?
True
Is 166715 composite?
True
Is 1639 a composite number?
True
Is 2579 prime?
True
Is 149 prime?
True
Is 9274 composite?
True
Is 371737 composite?
False
Is 23487 composite?
True
Is 65083 a composite number?
True
Is 40867 composite?
False
Is 5199 prime?
False
Is 2129 prime?
True
Is 12745 prime?
False
Is 15373 prime?
True
Is 27509 a prime number?
True
Is 506047 prime?
True
Is 4751 a prime number?
True
Is 46823 a composite number?
True
Is 61651 a composite number?
False
Is 19619 composite?
True
Is 131411 prime?
False
Is 9469 a composite number?
True
Is 200689 a prime number?
True
Is 593839 composite?
False
Is 36379 composite?
True
Is 1993 a composite number?
False
Is 262697 a prime number?
True
Is 2594 a prime number?
False
Is 19151 a prime number?
False
Is 10301 composite?
False
Is 235603 composite?
True
Is 37621 prime?
False
Is 5027 a composite number?
True
Is 12251 a prime number?
True
Is 45231 a prime number?
False
Is 135699 a prime number?
False
Is 10259 a composite number?
False
Is 22303 a composite number?
False
Is 290117 a composite number?
True
Is 2203 composite?
False
Is 409 a prime number?
True
Is 736178 a composite number?
True
Is 4951277 a prime number?
True
Is 57037 a prime number?
True
Is 14138 prime?
False
Is 2838929 prime?
False
Is 350713 a composite number?
True
Is 4757 a composite number?
True
Is 290042 composite?
True
Is 10081 composite?
True
Is 4111 a composite number?
False
Is 201643 a prime number?
False
Is 11311 a composite number?
False
Is 179503 a prime number?
False
Is 126173 a prime number?
True
Is 444035 a prime number?
False
Is 1931 composite?
False
Is 3601 a prime number?
False
Is 163759 a prime number?
False
Is 3013 composite?
True
Is 766781 composite?
True
Is 409 a composite number?
False
Is 184073 a prime number?
True
Is 25013 a composite number?
False
Is 29629 a prime number?
True
Is 310421 a prime number?
False
Is 16001 a composite number?
False
Is 52109 a composite number?
True
Is 69743 a prime number?
False
Is 564413 a prime number?
False
Is 10637 prime?
False
Is 7807 composite?
True
Is 34583 prime?
True
Is 9667 composite?
True
Is 29809 a composite number?
True
Is 1169474 composite?
True
Is 1085611 prime?
True
Is 41381 a prime number?
True
Is 1274719 a composite number?
False
Is 20578 a prime number?
False
Is 12346 composite?
True
Is 5981 a composite number?
False
Is 20899 a composite number?
False
Is 35359 a composite number?
True
Is 5129 a composite number?
True
Is 173037 a composite number?
True
Is 5758 a prime number?
False
Is 58103 prime?
False
Is 17657 a composite number?
False
Is 14545 prime?
False
Is 94969 composite?
True
Is 24889 a prime number?
True
Is 9601 prime?
True
Is 34211 a prime number?
True
Is 2167 a composite number?
True
Is 111349 a prime number?
False
Is 12407 a composite number?
True
Is 15047 a composite number?
True
Is 1895414 a prime number?
False
Is 56731 prime?
True
Is 23459 prime?
True
Is 6997 prime?
True
Is 6557 prime?
False
Is 3389 composite?
False
Is 11863 composite?
False
Is 521 prime?
True
Is 187241 prime?
False
Is 39647 a composite number?
True
Is 148949 prime?
True
Is 114671 composite?
False
Is 342929 a prime number?
True
Is 22431 prime?
False
Is 12979 composite?
False
Is 58537 a prime number?
True
Is 300047 a prime number?
False
Is 426971 prime?
True
Is 272329 a prime number?
True
Is 3263 composite?
True
Is 671 a composite number?
True
Is 317159 composite?
False
Is 8609 a composite number?
False
Is 14681 a prime number?
False
Is 8777 a prime number?
False
Is 555679 a composite number?
True
Is 15838 a prime number?
False
Is 22079 a composite number?
False
Is 31589 prime?
False
Is 45817 a prime number?
True
Is 46609 composite?
True
Is 541813 a prime number?
False
Is 245071 composite?
False
Is 171383 a composite number?
False
Is 189307 composite?
False
Is 84503 a composite number?
False
Is 237434 composite?
True
Is 16529 prime?
True
Is 608543 prime?
False
Is 24646 prime?
False
Is 2521 prime?
True
Is 4259 a prime number?
True
Is 261817 a composite number?
True
Is 72269 a composite number?
False
Is 1398499 composite?
True
Is 241799 prime?
False
Is 10243 a composite number?
False
Is 125521 a prime number?
False
Is 3547 a prime number?
True
Is 1357651 composite?
False
Is 437713 a composite number?
True
Is 10529 prime?
True
Is 898519 composite?
False
Is 45983 composite?
True
Is 322931 a prime number?
False
Is 33823 composite?
True
Is 2077277 prime?
False
Is 17707 prime?
True
Is 5261 a prime number?
True
Is 56767 a composite number?
False
Is 10993 a prime number?
True
Is 91367 a composite number?
False
Is 5231 a composite number?
False
Is 688694 a prime number?
False
Is 3401 composite?
True
Is 208769 a prime number?
False
Is 40301 a composite number?
True
Is 19489 a composite number?
False
Is 296629 prime?
False
Is 431777 prime?
True
Is 137003 composite?
True
Is 282617 a prime number?
True
Is 74071 a composite number?
False
Is 24511 a composite number?
True
Is 639733 a composite number?
True
Is 2134217 prime?
False
Is 224401 a composite number?
False
Is 12311 prime?
False
Is 371 prime?
False
Is 85795 composite?
True
Is 6743 prime?
False
Is 11149 prime?
True
Is 131357 a composite number?
False
Is 946223 a composite number?
False
Is 243889 composite?
False
Is 7941 prime?
False
Is 217479 a prime number?
False
Is 289181 a prime number?
True
Is 1151 composite?
False
Is 12759 composite?
True
Is 209153 prime?
False
Is 5155 a composite number?
True
Is 33179 a composite number?
False
Is 5087 prime?
True
Is 59509 a prime number?
True
Is 2321 a prime number?
False
Is 4111 a prime number?
True
Is 179159 prime?
False
Is 20059 a prime number?
False
Is 57527 compo